
{"id":5059,"date":"2024-02-29T16:45:47","date_gmt":"2024-02-29T15:45:47","guid":{"rendered":"https:\/\/demo.we-com.info\/zagarolo\/?page_id=5059"},"modified":"2024-08-23T14:20:09","modified_gmt":"2024-08-23T12:20:09","slug":"modulistica","status":"publish","type":"page","link":"https:\/\/demo.we-com.info\/basesito\/modulistica\/","title":{"rendered":"Modulistica"},"content":{"rendered":"<h3>Modulistica Ufficio Tributi<\/h3>\n<hr \/>\n<h3><a href=\"https:\/\/demo.we-com.info\/basesito\/wp-content\/uploads\/2024\/08\/LLCVYN8B_TA0A4087.pdf\">Persone Fisiche \u2013 Modello Nuova Iscrizione, Variazione, Cessazione TARES<\/a><\/h3>\n<hr \/>\n<h3><a href=\"https:\/\/demo.we-com.info\/basesito\/wp-content\/uploads\/2024\/08\/XMR4CCLP_N5Q8WTU9.pdf\">Persone Giuridiche \u2013 Modello Iscrizione, Variazione, Cessazione TARES<\/a><\/h3>\n<hr \/>\n<h3><a href=\"https:\/\/demo.we-com.info\/basesito\/wp-content\/uploads\/2024\/08\/0TDS1CO5_IN03SBXK.doc\">Modulo richiesta nuovo contatore acqua<\/a><\/h3>\n<hr \/>\n<h3><a href=\"https:\/\/demo.we-com.info\/basesito\/wp-content\/uploads\/2024\/08\/YBUY77Y7_K99GUTYJ.doc\">Modulo disdetta contatore acqua<\/a><\/h3>\n<hr \/>\n<h3><a href=\"https:\/\/demo.we-com.info\/basesito\/wp-content\/uploads\/2024\/08\/8MSX48AT_I0BNLGSQ.doc\">Modulo variazione intestazione utenza idrica<\/a><\/h3>\n<hr \/>\n<h3><a href=\"https:\/\/demo.we-com.info\/basesito\/wp-content\/uploads\/2024\/08\/VST4Z2KD_R3AS47GM.doc\">Dichiarazione sostitutiva<\/a><\/h3>\n<hr \/>\n<h3><a href=\"https:\/\/demo.we-com.info\/basesito\/wp-content\/uploads\/2024\/08\/P0HRA21M_702RPHAC.rtf\">Richiesta rateizzazione<\/a><\/h3>\n<hr \/>\n<h3><a href=\"https:\/\/demo.we-com.info\/basesito\/wp-content\/uploads\/2024\/08\/N60XC32L_RJZ0IGXJ.pdf\">Modello variazione ICI<\/a><\/h3>\n<hr \/>\n<h3>Modulistica Affari Generali<\/h3>\n<hr \/>\n<h3><a href=\"https:\/\/demo.we-com.info\/basesito\/wp-content\/uploads\/2024\/08\/EEYTBSND_X7K8LSL4.pdf\">Modello Allegato D \u2013 Comunicazione non accoglimento accesso<\/a><\/h3>\n<hr \/>\n<h3><a href=\"https:\/\/demo.we-com.info\/basesito\/wp-content\/uploads\/2024\/08\/QC0NGMH7_SQRCFA1X.pdf\">Modello Allegato C \u2013 Notifica ai controinteressati<\/a><\/h3>\n<hr \/>\n<h3><a href=\"https:\/\/demo.we-com.info\/basesito\/wp-content\/uploads\/2024\/08\/IPBXQFF6_EEQUOBQX.pdf\">Modello Allegato B \u2013 Richiesta esame e estrazione copia<\/a><\/h3>\n<hr \/>\n<h3><a href=\"https:\/\/demo.we-com.info\/basesito\/wp-content\/uploads\/2024\/08\/PH3PEEMQ_4RRLA4UB.pdf\">Modello Allegato A \u2013 Accesso informale<\/a><\/h3>\n<hr \/>\n<h3>Modulistica Ufficio Anagrafe<\/h3>\n<hr \/>\n<h3><a href=\"https:\/\/demo.we-com.info\/basesito\/wp-content\/uploads\/2024\/08\/QVBMXO93_8NW1R0IM.doc\">Modello autocertificazione sostitutiva certificati<\/a><\/h3>\n<hr \/>\n<h3><a href=\"https:\/\/demo.we-com.info\/basesito\/wp-content\/uploads\/2024\/08\/REGNO-UNITO.pdf\">Elettorale allegato B\/IT \u2013 Regno Unito<\/a><\/h3>\n<hr \/>\n<h3><a href=\"https:\/\/demo.we-com.info\/basesito\/wp-content\/uploads\/2024\/08\/REPUBBLICA-SLOVACCA.pdf\">Elettorale allegato B\/IT \u2013 Repubblica Slovacca<\/a><\/h3>\n<hr \/>\n<h3><a href=\"https:\/\/demo.we-com.info\/basesito\/wp-content\/uploads\/2024\/08\/SVEZIA.pdf\">Elettorale allegato B\/IT \u2013 Svezia<\/a><\/h3>\n<hr \/>\n<h3><a href=\"https:\/\/demo.we-com.info\/basesito\/wp-content\/uploads\/2024\/08\/OLANDA.pdf\">Elettorale allegato B\/IT \u2013 Olanda<\/a><\/h3>\n<hr \/>\n<h3><a href=\"https:\/\/demo.we-com.info\/basesito\/wp-content\/uploads\/2024\/08\/MALTA.pdf\">Elettorale allegato B\/IT \u2013 Malta<\/a><\/h3>\n<hr \/>\n<h3><a href=\"https:\/\/demo.we-com.info\/basesito\/wp-content\/uploads\/2024\/08\/LETTONIA.pdf\">Elettorale allegato B\/IT \u2013 Lettonia<\/a><\/h3>\n<hr \/>\n<h3><a href=\"https:\/\/demo.we-com.info\/basesito\/wp-content\/uploads\/2024\/08\/Dichiarazione-di-residenza-per-cittadini-stranieri.pdf\">Dichiarazione di residenza per cittadini stranieri<\/a><\/h3>\n<hr \/>\n<h3><a href=\"https:\/\/demo.we-com.info\/basesito\/wp-content\/uploads\/2024\/08\/LUSSEMBURGO.pdf\">Elettorale allegato B\/IT \u2013 Lussemburgo<\/a><\/h3>\n<hr \/>\n<h3><a href=\"https:\/\/demo.we-com.info\/basesito\/wp-content\/uploads\/2024\/08\/IRLANDA.pdf\">Elettorale allegato B\/IT \u2013 Irlanda<\/a><\/h3>\n<hr \/>\n<h3><a href=\"https:\/\/demo.we-com.info\/basesito\/wp-content\/uploads\/2024\/08\/UNGHERIA.pdf\">Elettorale allegato B\/IT \u2013 Ungheria<\/a><\/h3>\n<hr \/>\n<h3><a href=\"https:\/\/demo.we-com.info\/basesito\/wp-content\/uploads\/2024\/08\/CROAZIA.pdf\">Elettorale allegato B\/IT \u2013 Croazia<\/a><\/h3>\n<hr \/>\n<h3><a href=\"https:\/\/demo.we-com.info\/basesito\/wp-content\/uploads\/2024\/08\/GRECIA.pdf\">Elettorale allegato B\/IT \u2013 Grecia<\/a><\/h3>\n<hr \/>\n<h3><a href=\"https:\/\/demo.we-com.info\/basesito\/wp-content\/uploads\/2024\/08\/FRANCIA.pdf\">Elettorale allegato B\/IT \u2013 Francia<\/a><\/h3>\n<hr \/>\n<h3><a href=\"https:\/\/demo.we-com.info\/basesito\/wp-content\/uploads\/2024\/08\/FINLANDIA.pdf\">Elettorale allegato B\/IT \u2013 Finlandia<\/a><\/h3>\n<hr \/>\n<h3><a href=\"https:\/\/demo.we-com.info\/basesito\/wp-content\/uploads\/2024\/08\/SPAGNA.pdf\">Elettorale allegato B\/IT \u2013 Spagna<\/a><\/h3>\n<hr \/>\n<h3><a href=\"https:\/\/demo.we-com.info\/basesito\/wp-content\/uploads\/2024\/08\/DANIMARCA.pdf\">Elettorale allegato B\/IT \u2013 Danimarca<\/a><\/h3>\n<hr \/>\n<h3><a href=\"https:\/\/demo.we-com.info\/basesito\/wp-content\/uploads\/2024\/08\/GERMANIA.pdf\">Elettorale allegato B\/IT \u2013 Germania<\/a><\/h3>\n<hr \/>\n<h3><a href=\"https:\/\/demo.we-com.info\/basesito\/wp-content\/uploads\/2024\/08\/REPUBBLICA-CECA.pdf\">Elettorale allegato B\/IT \u2013 Repubblica Ceca<\/a><\/h3>\n<hr \/>\n<h3><a href=\"https:\/\/demo.we-com.info\/basesito\/wp-content\/uploads\/2024\/08\/AUSTRIA.pdf\">Elettorale allegato B\/IT \u2013 Austria<\/a><\/h3>\n<hr \/>\n<h3><a href=\"https:\/\/demo.we-com.info\/basesito\/wp-content\/uploads\/2024\/08\/Dichiarazione-sostitutiva-di-certificazione.pdf\">Dichiarazione sostitutiva di certificazione<\/a><\/h3>\n<hr \/>\n<h3><a href=\"https:\/\/demo.we-com.info\/basesito\/wp-content\/uploads\/2024\/08\/Dichiarazione-di-garanzia.pdf\">Dichiarazione di garanzia<\/a><\/h3>\n<hr \/>\n<h3><a href=\"https:\/\/demo.we-com.info\/basesito\/wp-content\/uploads\/2024\/08\/Dichiarazione-di-residenza-e-cambio-indirizzo.pdf\">Dichiarazione di residenza e cambio indirizzo<\/a><\/h3>\n<hr \/>\n<h3><a href=\"https:\/\/demo.we-com.info\/basesito\/wp-content\/uploads\/2024\/08\/Documenti-necessari-per-il-rilascio-carta-di-identita-elettronica.pdf\">Documenti necessari per il rilascio carta di identit\u00e0 elettronica<\/a><\/h3>\n<hr \/>\n<h3>Modulistica Ufficio Tecnico Agricoltura<\/h3>\n<hr \/>\n<h3><a href=\"https:\/\/demo.we-com.info\/basesito\/wp-content\/uploads\/2024\/08\/Modulo-Lavori-Agricoli.pdf\">Modulo Lavori Agricoli<\/a><\/h3>\n<hr \/>\n<h3><a href=\"https:\/\/demo.we-com.info\/basesito\/wp-content\/uploads\/2024\/08\/Modulo-Realizzazione-Recinzioni-nella-Riserva-Naturale.pdf\">Modulo Realizzazione Recinzioni nella Riserva Naturale<\/a><\/h3>\n<hr \/>\n<h3><a href=\"https:\/\/demo.we-com.info\/basesito\/wp-content\/uploads\/2024\/08\/Modulo-Sistemazione-Strade.pdf\">Modulo Sistemazione Strade<\/a><\/h3>\n<hr \/>\n<h3><a href=\"https:\/\/demo.we-com.info\/basesito\/wp-content\/uploads\/2024\/08\/Modulo-Piccoli-Lavori-Agricoli-nella-Riserva-Naturale.pdf\">Modulo Piccoli Lavori Agricoli nella Riserva Naturale<\/a><\/h3>\n<hr \/>\n<h3><a href=\"https:\/\/demo.we-com.info\/basesito\/wp-content\/uploads\/2024\/08\/Modulo-Taglio-Piante-nella-Riserva-Naturale.pdf\">Modulo Taglio Piante nella Riserva Naturale<\/a><\/h3>\n<hr \/>\n<h3><a href=\"https:\/\/demo.we-com.info\/basesito\/wp-content\/uploads\/2024\/08\/Modulo-Taglio-Piante.pdf\">Modulo Taglio Piante<\/a><\/h3>\n<hr \/>\n<h3><a href=\"https:\/\/demo.we-com.info\/basesito\/wp-content\/uploads\/2024\/08\/Modulo-Taglio-Rami-nella-Riserva-Naturale.pdf\">Modulo Taglio Rami nella Riserva Naturale<\/a><\/h3>\n<hr \/>\n<h3><a href=\"https:\/\/demo.we-com.info\/basesito\/wp-content\/uploads\/2024\/08\/Modulo-Prelievo-Legname.pdf\">Modulo Prelievo Legname<\/a><\/h3>\n<hr \/>\n<h3>Modulistica Ufficio UMA<\/h3>\n<hr \/>\n<h3><a href=\"https:\/\/demo.we-com.info\/basesito\/wp-content\/uploads\/2024\/08\/Verbale-di-accertamento-aziendale.pdf\">Verbale di accertamento aziendale<\/a><\/h3>\n<hr \/>\n<h3><a href=\"https:\/\/demo.we-com.info\/basesito\/wp-content\/uploads\/2024\/08\/Schede-aziende-contoterzi.pdf\">Schede aziende contoterzi<\/a><\/h3>\n<hr \/>\n<h3><a href=\"https:\/\/demo.we-com.info\/basesito\/wp-content\/uploads\/2024\/08\/Modello-iscrizione-nuova-azienda.pdf\">Modello iscrizione nuova azienda<\/a><\/h3>\n<hr \/>\n<h3><a href=\"https:\/\/demo.we-com.info\/basesito\/wp-content\/uploads\/2024\/08\/Richiesta-Carburante.pdf\">Richiesta Carburante<\/a><\/h3>\n<hr \/>\n<h3><a href=\"https:\/\/demo.we-com.info\/basesito\/wp-content\/uploads\/2024\/08\/Modello-iscrizione-macchine.pdf\">Modello iscrizione macchine<\/a><\/h3>\n<hr \/>\n<h3><a href=\"https:\/\/demo.we-com.info\/basesito\/wp-content\/uploads\/2024\/08\/Modello-cancellazione-macchine.pdf\">Modello cancellazione macchine<\/a><\/h3>\n<hr \/>\n<h3><a href=\"https:\/\/demo.we-com.info\/basesito\/wp-content\/uploads\/2024\/08\/Richiesta-carburante-per-le-colture.pdf\">Richiesta carburante per le colture<\/a><\/h3>\n<hr \/>\n<h3><a href=\"https:\/\/demo.we-com.info\/basesito\/wp-content\/uploads\/2024\/08\/Richiesta-carburante-per-allevamento.pdf\">Richiesta carburante per allevamento<\/a><\/h3>\n<hr \/>\n<h3>Modulistica Ufficio Polizia Municipale<\/h3>\n<hr \/>\n<h3><a href=\"https:\/\/demo.we-com.info\/basesito\/wp-content\/uploads\/2024\/08\/Richiesta-rilascio-o-rinnovo-tesserino-invalidi.doc\">Richiesta rilascio o rinnovo tesserino invalidi<\/a><\/h3>\n<hr \/>\n<h3><a href=\"https:\/\/demo.we-com.info\/basesito\/wp-content\/uploads\/2024\/08\/Richiesta-rinnovo-tesserino-invalidi.doc\">Richiesta rinnovo tesserino invalidi<\/a><\/h3>\n<hr \/>\n<h3>Modulistica Ufficio S.U.A.P.<\/h3>\n<hr \/>\n<h3><a href=\"https:\/\/demo.we-com.info\/basesito\/wp-content\/uploads\/2024\/08\/Esercizio-somministrazione-alimenti-e-bevande-in-zone-non-tutelate.rtf\">Esercizio somministrazione alimenti e bevande in zone non tutelate<\/a><\/h3>\n<hr \/>\n<h3><a href=\"https:\/\/demo.we-com.info\/basesito\/wp-content\/uploads\/2024\/08\/SCIA-apertura-esercizio-di-vicinato-superficie-inferiore-a-150-mq.rtf\">SCIA apertura esercizio di vicinato (superficie inferiore a 150 mq)<\/a><\/h3>\n<hr \/>\n<h3><a href=\"https:\/\/demo.we-com.info\/basesito\/wp-content\/uploads\/2024\/08\/Apertura-media-e-grande-struttura-di-vendita.rtf\">Apertura media e grande struttura di vendita<\/a><\/h3>\n<hr \/>\n<h3><a href=\"https:\/\/demo.we-com.info\/basesito\/wp-content\/uploads\/2024\/08\/Spacci-interni.rtf\">Spacci interni<\/a><\/h3>\n<hr \/>\n<h3><a href=\"https:\/\/demo.we-com.info\/basesito\/wp-content\/uploads\/2024\/08\/Apparecchi-distributori-automatici.rtf\">Apparecchi distributori automatici<\/a><\/h3>\n<hr \/>\n<h3><a href=\"https:\/\/demo.we-com.info\/basesito\/wp-content\/uploads\/2024\/08\/Vendita-per-corrispondenza.rtf\">Vendita per corrispondenza<\/a><\/h3>\n<hr \/>\n<h3><a href=\"https:\/\/demo.we-com.info\/basesito\/wp-content\/uploads\/2024\/08\/Vendita-presso-il-domicilio-dei-consumatori.rtf\">Vendita presso il domicilio dei consumatori<\/a><\/h3>\n<hr \/>\n<h3><a href=\"https:\/\/demo.we-com.info\/basesito\/wp-content\/uploads\/2024\/08\/Esercizio-somministrazione-alimenti-e-bevande-in-zone-tutelate.rtf\">Esercizio somministrazione alimenti e bevande in zone tutelate<\/a><\/h3>\n<hr \/>\n<h3><a href=\"https:\/\/demo.we-com.info\/basesito\/wp-content\/uploads\/2024\/08\/Somministrazione-temporanea-alimenti-e-bevande.rtf\">Somministrazione temporanea alimenti e bevande<\/a><\/h3>\n<hr \/>\n<h3><a href=\"https:\/\/demo.we-com.info\/basesito\/wp-content\/uploads\/2024\/08\/Acconciatori-e-estetisti.rtf\">Acconciatori e estetisti<\/a><\/h3>\n<hr \/>\n<h3><a href=\"https:\/\/demo.we-com.info\/basesito\/wp-content\/uploads\/2024\/08\/Modello-unico-subingresso.rtf\">Modello unico subingresso<\/a><\/h3>\n<hr \/>\n<h3><a href=\"https:\/\/demo.we-com.info\/basesito\/wp-content\/uploads\/2024\/08\/Modello-unico-cessazione-attivita.rtf\">Modello unico cessazione attivit\u00e0<\/a><\/h3>\n<hr \/>\n<h3><a href=\"https:\/\/demo.we-com.info\/basesito\/wp-content\/uploads\/2024\/08\/Notifica-sanitaria-ai-fini-della-registrazione.rtf\">Notifica sanitaria ai fini della registrazione<\/a><\/h3>\n<hr \/>\n<h3><a href=\"https:\/\/demo.we-com.info\/basesito\/wp-content\/uploads\/2024\/08\/Scheda-anagrafica.rtf\">Scheda anagrafica<\/a><\/h3>\n<hr \/>\n<h3><a href=\"https:\/\/demo.we-com.info\/basesito\/wp-content\/uploads\/2024\/08\/Dichiarazione-accettazione-responsabile-tecnico.rtf\">Dichiarazione accettazione responsabile tecnico<\/a><\/h3>\n<hr \/>\n<h3><a href=\"https:\/\/demo.we-com.info\/basesito\/wp-content\/uploads\/2024\/08\/Procura-speciale.rtf\">Procura speciale<\/a><\/h3>\n<hr \/>\n<h3><a href=\"https:\/\/demo.we-com.info\/basesito\/wp-content\/uploads\/2024\/08\/COSAP-\u2013-Richiesta-occupazione-permanente-suolo-pubblico.pdf\">COSAP \u2013 Richiesta occupazione permanente suolo pubblico<\/a><\/h3>\n<hr \/>\n<h3><a href=\"https:\/\/demo.we-com.info\/basesito\/wp-content\/uploads\/2024\/08\/COSAP-\u2013-Richiesta-occupazione-temporanea-suolo-pubblico.pdf\">COSAP \u2013 Richiesta occupazione temporanea suolo pubblico<\/a><\/h3>\n<hr \/>\n<h3><a href=\"https:\/\/demo.we-com.info\/basesito\/wp-content\/uploads\/2024\/08\/COSAP-\u2013-Richiesta-occupazione-temporanea-ESENTE-suolo-pubblico.pdf\">COSAP \u2013 Richiesta occupazione temporanea ESENTE suolo pubblico<\/a><\/h3>\n<hr \/>\n<h3>Modulistica Ufficio Servizi Sociali<\/h3>\n<hr \/>\n<h3><a href=\"https:\/\/demo.we-com.info\/basesito\/wp-content\/uploads\/2024\/08\/Modello-richiesta-esenzione-ticket-sanitario.rtf\">Modello richiesta esenzione ticket sanitario<\/a><\/h3>\n<hr \/>\n<h3><a href=\"https:\/\/demo.we-com.info\/basesito\/wp-content\/uploads\/2024\/08\/Richiesta-assegno-di-maternita.rtf\">Richiesta assegno di maternit\u00e0<\/a><\/h3>\n<hr \/>\n<h3><a href=\"https:\/\/demo.we-com.info\/basesito\/wp-content\/uploads\/2024\/08\/Richiesta-assegno-Nucleo-Familiare.rtf\">Richiesta assegno Nucleo Familiare<\/a><\/h3>\n<hr \/>\n<h3><a href=\"https:\/\/demo.we-com.info\/basesito\/wp-content\/uploads\/2024\/08\/Informativa-Privacy-Assegno-di-maternita.rtf\">Informativa Privacy Assegno di maternit\u00e0<\/a><\/h3>\n<hr \/>\n<h3><a href=\"https:\/\/demo.we-com.info\/basesito\/wp-content\/uploads\/2024\/08\/Informativa-Privacy-Assegno-Nucleo-Familiare.rtf\">Informativa Privacy Assegno Nucleo Familiare<\/a><\/h3>\n<hr \/>\n<h3><a href=\"https:\/\/demo.we-com.info\/basesito\/wp-content\/uploads\/2024\/08\/Richiesta-compartecipazione-comunale-pagamento-retta-RSA-o-struttura-riabilitativa.doc\">Richiesta compartecipazione comunale pagamento retta RSA o struttura riabilitativa<\/a><\/h3>\n<hr \/>\n<h3><a href=\"https:\/\/demo.we-com.info\/basesito\/wp-content\/uploads\/2024\/08\/Iscrizione-Asilo-Mamma-Dore-20202021.doc\">Iscrizione Asilo Mamma Dor\u00e8 2020\/2021<\/a><\/h3>\n<hr \/>\n<h3>Modulistica Ufficio Edilizia ed Urbanistica<\/h3>\n<hr \/>\n<h3><a href=\"https:\/\/demo.we-com.info\/basesito\/wp-content\/uploads\/2024\/08\/Comunicazione-Inzio-Lavori-CIL.pdf\">Comunicazione Inizio Lavori (CIL)<\/a><\/h3>\n<hr \/>\n<h3><a href=\"https:\/\/demo.we-com.info\/basesito\/wp-content\/uploads\/2024\/08\/Permesso-di-Costruire-PdC.pdf\">Permesso di Costruire (PdC)<\/a><\/h3>\n<hr \/>\n<h3><a href=\"https:\/\/demo.we-com.info\/basesito\/wp-content\/uploads\/2024\/08\/Vincolo-Idrogeologico.pdf\">Vincolo Idrogeologico<\/a><\/h3>\n<hr \/>\n<h3><a href=\"https:\/\/demo.we-com.info\/basesito\/wp-content\/uploads\/2024\/08\/Attivita-Edilizia-Libera-A.E.L.pdf\">Attivit\u00e0 Edilizia Libera (A.E.L.)<\/a><\/h3>\n<hr \/>\n<h3><a href=\"https:\/\/demo.we-com.info\/basesito\/wp-content\/uploads\/2024\/08\/Segnalazione-Certificata-di-Inizio-Attivita-SCIA.pdf\">Segnalazione Certificata di Inizio Attivit\u00e0 (SCIA)<\/a><\/h3>\n<hr \/>\n<h3><a href=\"https:\/\/demo.we-com.info\/basesito\/wp-content\/uploads\/2024\/08\/Segnalazione-Certificata-di-Inizio-Attivita-Alternativa-SCIA_Alternativa.pdf\">Segnalazione Certificata di Inizio Attivit\u00e0 Alternativa (SCIA Alternativa)<\/a><\/h3>\n<hr \/>\n<h3><a href=\"https:\/\/demo.we-com.info\/basesito\/wp-content\/uploads\/2024\/08\/Segnalazione-Certificata-di-Inizio-Attivita-per-Agibilita-SCIA_Agibilita.pdf\">Segnalazione Certificata di Inizio Attivit\u00e0 per Agibilit\u00e0 (SCIA Agibilit\u00e0)<\/a><\/h3>\n<hr \/>\n<h3><a href=\"https:\/\/demo.we-com.info\/basesito\/wp-content\/uploads\/2024\/08\/IBAN-TESORERIA-PER-VERSAMENTI.pdf\">IBAN Tesoreria per Versamenti<\/a><\/h3>\n<hr \/>\n<h3><a href=\"https:\/\/demo.we-com.info\/basesito\/wp-content\/uploads\/2024\/08\/Domanda-atti-2024.pdf\">Domanda atti 2024<\/a><\/h3>\n<hr \/>\n<h3><a href=\"https:\/\/demo.we-com.info\/basesito\/wp-content\/uploads\/2024\/08\/Modello-Certificazione-Urbanistica-editabile.doc\">Modello Certificazione Urbanistica (editabile)<\/a><\/h3>\n<hr \/>\n<h3><a href=\"https:\/\/demo.we-com.info\/basesito\/wp-content\/uploads\/2024\/08\/Modello-Certificazione-Urbanistica.pdf\">Modello Certificazione Urbanistica<\/a><\/h3>\n<hr \/>\n<h3>Modulistica Rifiuti<\/h3>\n<hr>\n<h3><a href=\"https:\/\/demo.we-com.info\/basesito\/wp-content\/uploads\/2024\/08\/Consegna-rifiuti-ingombranti-da-parte-di-terzi.pdf\">Consegna rifiuti ingombranti da parte di terzi<\/a><\/h3>\n<hr>\n<h3><a href=\"https:\/\/demo.we-com.info\/basesito\/wp-content\/uploads\/2024\/08\/Modulo-di-domanda-per-il-ritiro-a-domicilio-di-materiali-ingombranti.pdf\">Modulo di domanda per il ritiro a domicilio di materiali ingombranti<\/a><\/h3>\n<\/div>","protected":false},"excerpt":{"rendered":"<p>Modulistica Ufficio Tributi Persone Fisiche \u2013 Modello Nuova Iscrizione, Variazione, Cessazione TARES Persone Giuridiche \u2013 Modello Iscrizione, Variazione, Cessazione TARES Modulo richiesta nuovo contatore acqua Modulo disdetta contatore acqua Modulo variazione intestazione utenza idrica Dichiarazione sostitutiva [&hellip;]<\/p>\n","protected":false},"author":8,"featured_media":0,"parent":0,"menu_order":0,"comment_status":"closed","ping_status":"closed","template":"page-templates\/pagine.php","meta":{"footnotes":""},"categories":[],"tags":[],"class_list":["post-5059","page","type-page","status-publish","hentry"],"publishpress_future_action":{"enabled":false,"date":"2026-04-14 12:30:44","action":"change-status","newStatus":"draft","terms":[],"taxonomy":"category","extraData":[]},"publishpress_future_workflow_manual_trigger":{"enabledWorkflows":[]},"_links":{"self":[{"href":"https:\/\/demo.we-com.info\/basesito\/wp-json\/wp\/v2\/pages\/5059","targetHints":{"allow":["GET"]}}],"collection":[{"href":"https:\/\/demo.we-com.info\/basesito\/wp-json\/wp\/v2\/pages"}],"about":[{"href":"https:\/\/demo.we-com.info\/basesito\/wp-json\/wp\/v2\/types\/page"}],"author":[{"embeddable":true,"href":"https:\/\/demo.we-com.info\/basesito\/wp-json\/wp\/v2\/users\/8"}],"replies":[{"embeddable":true,"href":"https:\/\/demo.we-com.info\/basesito\/wp-json\/wp\/v2\/comments?post=5059"}],"version-history":[{"count":72,"href":"https:\/\/demo.we-com.info\/basesito\/wp-json\/wp\/v2\/pages\/5059\/revisions"}],"predecessor-version":[{"id":6793,"href":"https:\/\/demo.we-com.info\/basesito\/wp-json\/wp\/v2\/pages\/5059\/revisions\/6793"}],"wp:attachment":[{"href":"https:\/\/demo.we-com.info\/basesito\/wp-json\/wp\/v2\/media?parent=5059"}],"wp:term":[{"taxonomy":"category","embeddable":true,"href":"https:\/\/demo.we-com.info\/basesito\/wp-json\/wp\/v2\/categories?post=5059"},{"taxonomy":"post_tag","embeddable":true,"href":"https:\/\/demo.we-com.info\/basesito\/wp-json\/wp\/v2\/tags?post=5059"}],"curies":[{"name":"wp","href":"https:\/\/api.w.org\/{rel}","templated":true}]}}