
{"id":583,"date":"2025-10-29T15:41:17","date_gmt":"2025-10-29T14:41:17","guid":{"rendered":"https:\/\/demo.we-com.info\/avis\/?page_id=583"},"modified":"2026-02-09T15:03:03","modified_gmt":"2026-02-09T14:03:03","slug":"faq","status":"publish","type":"page","link":"https:\/\/demo.we-com.info\/avis\/faq\/","title":{"rendered":"FAQ"},"content":{"rendered":"\n<div class=\"gb-element-d4d579ad\">\n<div class=\"gb-element-0d6b3766\">\n<div>\n<p>Seleziona una delle domande per avere le risposte che cerchi.<\/p>\n\n\n\n<p>Vi ricordiamo che qualora non doveste trovare risposta alle vostre domande o siate curiosi di sapere di pi\u00f9 sul mondo AVIS e sulla donazione, potete sempre contattarci direttamente.<\/p>\n\n\n\n<p class=\"gb-text-7f14f215\"><span class=\"gb-shape\"><svg aria-hidden=\"true\" role=\"img\" height=\"1em\" width=\"1em\" viewBox=\"0 0 512 512\" xmlns=\"http:\/\/www.w3.org\/2000\/svg\"><path fill=\"currentColor\" d=\"M464 64H48C21.49 64 0 85.49 0 112v288c0 26.51 21.49 48 48 48h416c26.51 0 48-21.49 48-48V112c0-26.51-21.49-48-48-48zm0 48v40.805c-22.422 18.259-58.168 46.651-134.587 106.49-16.841 13.247-50.201 45.072-73.413 44.701-23.208.375-56.579-31.459-73.413-44.701C106.18 199.465 70.425 171.067 48 152.805V112h416zM48 400V214.398c22.914 18.251 55.409 43.862 104.938 82.646 21.857 17.205 60.134 55.186 103.062 54.955 42.717.231 80.509-37.199 103.053-54.947 49.528-38.783 82.032-64.401 104.947-82.653V400H48z\"><\/path><\/svg><\/span><span class=\"gb-text\"><\/span><\/p>\n\n\n\n<p><a href=\"mailto:avis.provinciale@asl.vt.it\">avis.provinciale@asl.vt.it<\/a><br><a href=\"mailto:avisprovincialeviterbo@gmail.com\">avisprovincialeviterbo@gmail.com<\/a><br><\/p>\n\n\n\n<div class=\"gb-element-834063dd\">\n<div class=\"gb-element-115a48f7\">\n<details class=\"wp-block-details is-layout-flow wp-block-details-is-layout-flow\"><summary><strong>Per quale motivo dovrei donare il sangue?<\/strong><\/summary>\n<p>Il sangue umano \u00e8 un prodotto naturale, non riproducibile artificialmente. Nonostante i progressi della medicina, delle scienze e della biochimica, l\u2019uomo rimane l\u2019unica possibile sorgente di sangue, proprio il fatto che il sangue sia raro implica la necessit\u00e0 di metterlo a disposizione di altri individui che potrebbero trovarsi in situazione di bisogno.<\/p>\n\n\n\n<p>Nessun Ospedale \u00e8 in grado di assicurare alcuna terapia trasfusionale senza la preventiva disponibilit\u00e0 dei donatori. &nbsp;<\/p>\n\n\n\n<p>Per le ragioni esposte nei punti sopra, le Istituzioni Pubbliche (Stato, Regioni) devono contribuire con campagne di sensibilizzazione verso la popolazione e fornire gli strumenti normativi per garantire la massima sicurezza possibile e l\u2019ottimizzazione del sistema trasfusionale in tutte le sue articolazioni.<\/p>\n<\/details>\n<\/div>\n\n\n\n<div class=\"gb-element-e61efee6\">\n<details class=\"wp-block-details is-layout-flow wp-block-details-is-layout-flow\"><summary><strong>Tutti posso diventari donatori?<\/strong><\/summary>\n<p>Puoi donare se:<\/p>\n\n\n\n<ul class=\"wp-block-list\">\n<li>Hai compiuto 18 anni di et\u00e0\u00a0<\/li>\n\n\n\n<li>Pesi pi\u00f9 di 50 kg.\u00a0<\/li>\n\n\n\n<li>Godi di un buono stato di salute\u00a0<\/li>\n<\/ul>\n\n\n\n<p>Puoi presentarti presso i centri trasfusionali o le Unit\u00e0 di Raccolta in tutti gli ospedali della tua provincia nei seguenti orari (indicare ospedali e orari). Un medico effettuer\u00e0 un colloquio, a cui seguir\u00e0 una visita, e gli accertamenti di tipo diagnostico e strumentale per verificare che non vi siano controindicazioni alla donazione. La tutela della salute e della sicurezza sia del donatore che del ricevente sono fondamentali.<\/p>\n<\/details>\n<\/div>\n\n\n\n<div class=\"gb-element-56e23cf4\">\n<details class=\"wp-block-details is-layout-flow wp-block-details-is-layout-flow\"><summary><strong>Per quali motivi potrei risultare non idoneo a diventare donatore o essere escluso dalla donazione?<\/strong><\/summary>\n<p>Le cause per le quali una persona pu\u00f2 essere valutata non idonea o sospesa sono molteplici e tutte determinate dal principio di salvaguardare la salute sia del donatore sia del ricevente.<\/p>\n<\/details>\n<\/div>\n\n\n\n<div class=\"gb-element-b07ab706\">\n<details class=\"wp-block-details is-layout-flow wp-block-details-is-layout-flow\"><summary><strong>Donare sangue \u00e8 dannoso per la salute?<\/strong><\/summary>\n<p>Grazie all\u2019accurata selezione per un adulto sano la donazione di sangue non comporta alcun rischio.<br>Esistono precise disposizioni che regolano la raccolta del sangue:<\/p>\n\n\n\n<ul class=\"wp-block-list\">\n<li>I controlli e le visite periodiche effettuate a ciascun donatore prima di ogni donazione sono uno strumento di medicina preventiva, a tutela dello stato di salute generale del donatore<\/li>\n<\/ul>\n\n\n\n<ul class=\"wp-block-list\">\n<li>la quantit\u00e0 del sangue che viene prelevata mediamente ad ogni prelievo \u00e8 minima ed \u00e8 stabilita per legge in 450 centimetri cubi +\/10%.<\/li>\n<\/ul>\n\n\n\n<ul class=\"wp-block-list\">\n<li>Tra una donazione di sangue intero e l\u2019altra devono trascorrere almeno 90 giorni per gli uomini e 2 volte all\u2019 anno per le donne in et\u00e0 fertile.<\/li>\n<\/ul>\n<\/details>\n<\/div>\n\n\n\n<div class=\"gb-element-a7e777f8\">\n<details class=\"wp-block-details is-layout-flow wp-block-details-is-layout-flow\"><summary><strong>Per le donne (gi\u00e0 soggette alla perdite mestruali) donare sangue non \u00e8 dannoso?<\/strong><\/summary>\n<p>La donazione di sangue per le donne non ha alcuna controindicazione. Tuttavia, in virt\u00f9 delle perdite legate alle mestruazioni, le donne in et\u00e0 fertile possono effettuare solo un massimo di due donazioni di sangue intero l\u2019anno. Il monitoraggio costante dell\u2019emoglobina e del ferro, effettuato prima di ogni donazione, tutela la salute delle donatrici.<br>Le donne risultano essere particolarmente \u201cadatte\u201d alla donazione di plasma in aferesi, che non incide assolutamente sui globuli rossi ed il ferro.<\/p>\n<\/details>\n<\/div>\n\n\n\n<div class=\"gb-element-cb37d778\">\n<details class=\"wp-block-details is-layout-flow wp-block-details-is-layout-flow\"><summary><strong>Posso donare se prendo la pillola anticoncezionale?<\/strong><\/summary>\n<p>Si! Ricordiamo per\u00f2 che la pillola anticoncezionale protegge dalle gravidanze indesiderate, non dalle malattie sessualmente trasmissibili, contro le quali l\u2019unica difesa \u00e8 il preservativo (oltre ad uno stile di vita non a rischio)<\/p>\n<\/details>\n<\/div>\n\n\n\n<div class=\"gb-element-10db2fb8\">\n<details class=\"wp-block-details is-layout-flow wp-block-details-is-layout-flow\"><summary><strong><strong>Bisogna essere a digiuno per donare il sangue?<\/strong><\/strong><\/summary>\n<p><br>Il mattino del prelievo \u00e8 preferibile <strong>NON <\/strong>essere a digiuno, anzi \u00e8 consigliata una colazione leggera a base di frutta fresca o spremute, th\u00e8 o caff\u00e8 poco zuccherati, pane non condito o altri carboidrati. IMPORTANTE: NON assumere latte o derivati. <br>Le donne che hanno in corso una terapia anticoncezionale non devono sospenderne l\u2019assunzione quotidiana.<\/p>\n<\/details>\n<\/div>\n\n\n\n<div class=\"gb-element-9664e577\">\n<details class=\"wp-block-details is-layout-flow wp-block-details-is-layout-flow\"><summary><strong><strong>La privacy dei risultati delle mie analisi \u00e8 garantita?<\/strong><\/strong><\/summary>\n<p><br>Il segreto medico e la legge sulla \u201cPrivacy\u201d, che individua le \u201cfigure\u201d responsabili al trattamento dei dati in questione, assicura la massima discrezionalit\u00e0 e segretezza di tutti gli aspetti sanitari e dei risultati delle analisi effettuate.<\/p>\n<\/details>\n<\/div>\n\n\n\n<div class=\"gb-element-8ea72bb1\">\n<details class=\"wp-block-details is-layout-flow wp-block-details-is-layout-flow\"><summary><strong><strong>Perch\u00e9 i donatori Avis sono periodici?<\/strong><\/strong><\/summary>\n<ol class=\"wp-block-list\">\n<li>Perch\u00e9 l\u2019obiettivo primario e fondamentale \u00e8 la SICUREZZA.\u00a0<\/li>\n<\/ol>\n\n\n\n<p>L\u2019AVIS annovera tra le proprie file solo donatori periodici, cio\u00e8 donatori che, ad intervalli regolari, si recano presso le strutture trasfusionali per donare il loro sangue.<br>A differenza dei donatori occasionali, i donatori periodici sono molto controllati dal punto di vista medico: vengono costantemente sottoposti ad un\u2019accurata visita e ad attenti controlli sul loro sangue e, poich\u00e9 la loro scelta di donare \u00e8 libera, non condizionata da altri fattori come quelli emozionali, risultano molto pi\u00f9 affidabili dei donatori occasionali.<\/p>\n\n\n\n<p>Il ricorso ai donatori periodici consente inoltre:<\/p>\n\n\n\n<ul class=\"wp-block-list\">\n<li>Di effettuare educazione sanitaria e promozione della salute.<\/li>\n\n\n\n<li>Maggiore programmazione della raccolta del sangue.<\/li>\n\n\n\n<li>Possibile \u201cconversione\u201d dalla donazione tradizionale di sangue intero a quella differenziata mediante aferesi.<\/li>\n\n\n\n<li>Gestione anche delle situazioni di urgenze \u2013 emergenze.<\/li>\n<\/ul>\n<\/details>\n<\/div>\n\n\n\n<div class=\"gb-element-7fe5d232\">\n<details class=\"wp-block-details is-layout-flow wp-block-details-is-layout-flow\"><summary><strong><strong><strong>Cos\u2019\u00e8 la donazione di plasma mediante aferesi?<\/strong><\/strong><\/strong><\/summary>\n<p><br>Oggi \u00e8 possibile effettuare diversi tipi di donazione: oltre a quelle tradizionale di sangue intero, si possono effettuare donazioni mirate (dette aferesi) cio\u00e8 solo di alcuni componenti del sangue, tra questi, il plasma. Il sangue \u00e8 composto per il 45% circa di cellule, la parte corpuscolata, e per il 55% circa di plasma, la parte liquida.<br>Nell\u2019aferesi (termine greco che significa l\u2019atto del \u201cportar via\u201d), attraverso l\u2019uso di separatori cellulari, si ottiene dal sangue del donatore soltanto la componente ematica di cui si ha necessit\u00e0 (plasma e piastrine), restituendo contemporaneamente i restanti elementi. Una volta raccolto, il plasma viene conservato, diversamente dal sangue intero e dai concentrati di globuli rossi, ad una temperatura inferiore ai \u2013 30\u00b0 C, e pu\u00f2 essere utilizzato per un periodo massimo di 12 mesi.<br>Le funzioni del plasma sono numerose: mantiene costante il volume di sangue circolante, porta ai tessuti e alle cellule sostanze prevalentemente di tipo nutritivo e di regolazione (ormoni, vitamine), raccoglie tutte le sostanze di rifiuto derivanti dal metabolismo delle cellule e le elimina attraverso i reni e il sudore, inoltre interviene nei processi di difesa immunologica e nella coagulazione.<\/p>\n<\/details>\n<\/div>\n\n\n\n<div class=\"gb-element-d9dde895\">\n<details class=\"wp-block-details is-layout-flow wp-block-details-is-layout-flow\"><summary><strong><strong><strong><strong>Dopo un viaggio all&#8217;estero quanto devo aspettare prima di donare?<\/strong><\/strong><\/strong><\/strong><\/summary>\n<p>L\u2019ingresso in alcuni Paesi prevede la sospensione temporanea della donazione di sangue e plasma e l\u2019esecuzione di un test immunologico per la ricerca di anticorpi anti-malarici. Per informazioni pi\u00f9 approfondite puoi visitare la pagina del&nbsp;<a href=\"http:\/\/inviaggio.simti.it\/Index.aspx\">Il donatore che viaggia<\/a>&nbsp;della&nbsp;<a href=\"http:\/\/www.simti.it\/\" target=\"_blank\" rel=\"noreferrer noopener\">Simti<\/a>.<\/p>\n<\/details>\n<\/div>\n\n\n\n<div class=\"gb-element-8c77f086\">\n<details class=\"wp-block-details is-layout-flow wp-block-details-is-layout-flow\"><summary><strong><strong><strong><strong><strong>Sono microcitemico, posso donare?<\/strong><\/strong><\/strong><\/strong><\/strong><\/summary>\n<p>SI, puoi donare il sangue ma con una frequenza inferiore rispetto ad un non portatore di microcitemia<\/p>\n<\/details>\n<\/div>\n\n\n\n<div class=\"gb-element-82f1fe6a\">\n<details class=\"wp-block-details is-layout-flow wp-block-details-is-layout-flow\"><summary><strong><strong><strong><strong><strong><strong>Sono celiaco, posso donare il sangue?<\/strong><\/strong><\/strong><\/strong><\/strong><\/strong><\/summary>\n<p>SI, solo se segui una dieta priva di glutine<\/p>\n<\/details>\n<\/div>\n\n\n\n<div class=\"gb-element-3349ee50\">\n<details class=\"wp-block-details is-layout-flow wp-block-details-is-layout-flow\"><summary><strong><strong><strong><strong><strong><strong><strong>Posso donare se ho l&#8217;allergia?<\/strong><\/strong><\/strong><\/strong><\/strong><\/strong><\/strong><\/summary>\n<p><br>NO se in corso, l\u2019esclusione alla donazione \u00e8 temporanea ed \u00e8 per tutto il periodo sintomatico. In caso di terapia a base di antistaminici occorre inoltre attendere un periodo di 7 giorni, sempre che la manifestazione allergica NON sia pi\u00f9 in atto. In caso di terapia con cortisonici o broncodilatatori come in caso di asma, il periodo di sospensione sar\u00e0 di almeno 15 giorni, fermo restando SEMPRE che la patologia allergica deve essere in remissione.<\/p>\n<\/details>\n<\/div>\n\n\n\n<div class=\"gb-element-3a29be60\">\n<details class=\"wp-block-details is-layout-flow wp-block-details-is-layout-flow\"><summary><strong><strong><strong><strong><strong><strong><strong><strong>Posso donare se sono in menopausa?<\/strong><\/strong><\/strong><\/strong><\/strong><\/strong><\/strong><\/strong><\/summary>\n<p><br>SI, in menopausa l\u2019intervallo si allinea a quello previsto per gli uomini. Si pu\u00f2 quindi donare sangue intero fino a quattro volte in un anno. Anche nel caso in cui si sta seguendo una terapia sostitutiva, non ci sono incidenze con la donazione di sangue.<\/p>\n<\/details>\n<\/div>\n\n\n\n<div class=\"gb-element-2c25ad98\">\n<details class=\"wp-block-details is-layout-flow wp-block-details-is-layout-flow\"><summary><strong><strong><strong><strong><strong><strong><strong><strong><strong>Posso donare se ho fatto piercing o tatuaggi?<\/strong><\/strong><\/strong><\/strong><\/strong><\/strong><\/strong><\/strong><\/strong><\/summary>\n<p><br>SI, purch\u00e9 siano fatti da professionisti e in locali idonei. \u00c8 sufficiente sospendere la donazione per 4 mesi, in assenza di complicanze o infezioni.<\/p>\n<\/details>\n<\/div>\n\n\n\n<div class=\"gb-element-75248de8\">\n<details class=\"wp-block-details is-layout-flow wp-block-details-is-layout-flow\"><summary><strong><strong><strong><strong><strong><strong><strong><strong><strong><strong>Posso donare in gravidanza?<\/strong><\/strong><\/strong><\/strong><\/strong><\/strong><\/strong><\/strong><\/strong><\/strong><\/summary>\n<p>NO, durante la gravidanza e fino a 6 mesi dopo il parto (o comunque per la durata dell\u2019allattamento)<\/p>\n<\/details>\n<\/div>\n\n\n\n<div class=\"gb-element-48c822e6\">\n<details class=\"wp-block-details is-layout-flow wp-block-details-is-layout-flow\"><summary><strong><strong><strong><strong><strong><strong><strong><strong><strong><strong><strong>Posso donare se fumo?<\/strong><\/strong><\/strong><\/strong><\/strong><\/strong><\/strong><\/strong><\/strong><\/strong><\/strong><\/summary>\n<p><br>SI, anche se sei un fumatore puoi donare il sangue senza alcun problema. L\u2019unica raccomandazione \u00e8 legata alla necessit\u00e0 di non fumare prima e dopo la donazione e nello specifico di astenersi dal fumo la mattina stessa della donazione. Il fumo, il tabacco e la nicotina sono altamente nocivi per la salute ed \u00e8 sempre un bene ricordarlo.<\/p>\n<\/details>\n<\/div>\n\n\n\n<div class=\"gb-element-33ea4bc3\">\n<details class=\"wp-block-details is-layout-flow wp-block-details-is-layout-flow\"><summary><strong><strong><strong><strong><strong><strong><strong><strong><strong><strong><strong><strong>Posso donare se abuso di alcolici?<\/strong><\/strong><\/strong><\/strong><\/strong><\/strong><\/strong><\/strong><\/strong><\/strong><\/strong><\/strong><\/summary>\n<p><br>NO, \u00e8 escluso dalla donazione di sangue chi consuma abitualmente bevande alcoliche e in maniera massiccia (alcolismo cronico). Quindi \u00e8 errato supporre che fare uso in maniera poco regolata di alcolici porti automaticamente all\u2019esclusione, a eccezione che questo sia fatto in maniera saltuaria.<\/p>\n<\/details>\n<\/div>\n\n\n\n<div class=\"gb-element-dba2f070\">\n<details class=\"wp-block-details is-layout-flow wp-block-details-is-layout-flow\"><summary><strong><strong><strong><strong><strong><strong><strong><strong><strong><strong><strong><strong><strong>Posso donare se fumo cannabinoidi?<\/strong><\/strong><\/strong><\/strong><\/strong><\/strong><\/strong><\/strong><\/strong><\/strong><\/strong><\/strong><\/strong><\/summary>\n<p>NO, \u00e8 escluso dalla donazione di sangue chi ne fa un consumo abituale.<\/p>\n\n\n\n<p>La tendenza che si riscontra, per quanto concerne questo argomento, \u00e8 quella di non escludere automaticamente chi utilizza questo tipo di droghe, con l\u2019eccezione che il consumo sia sporadico (quindi non abituale) e che la donazione avvenga a qualche giorno di distanza dall\u2019ultima volta in cui \u00e8 avvenuta l\u2019assunzione della sostanza.<\/p>\n<\/details>\n<\/div>\n<\/div>\n<\/div>\n<\/div>\n<\/div>\n","protected":false},"excerpt":{"rendered":"<p>Seleziona una delle domande per avere le risposte che cerchi. Vi ricordiamo che qualora non doveste trovare risposta alle vostre domande o siate curiosi di sapere di pi\u00f9 sul mondo &#8230; <a title=\"FAQ\" class=\"read-more\" href=\"https:\/\/demo.we-com.info\/avis\/faq\/\" aria-label=\"Per saperne di pi\u00f9 su FAQ\">Leggi tutto<\/a><\/p>\n","protected":false},"author":1,"featured_media":0,"parent":0,"menu_order":0,"comment_status":"closed","ping_status":"closed","template":"","meta":{"_acf_changed":false,"footnotes":""},"class_list":["post-583","page","type-page","status-publish"],"acf":[],"_links":{"self":[{"href":"https:\/\/demo.we-com.info\/avis\/wp-json\/wp\/v2\/pages\/583","targetHints":{"allow":["GET"]}}],"collection":[{"href":"https:\/\/demo.we-com.info\/avis\/wp-json\/wp\/v2\/pages"}],"about":[{"href":"https:\/\/demo.we-com.info\/avis\/wp-json\/wp\/v2\/types\/page"}],"author":[{"embeddable":true,"href":"https:\/\/demo.we-com.info\/avis\/wp-json\/wp\/v2\/users\/1"}],"replies":[{"embeddable":true,"href":"https:\/\/demo.we-com.info\/avis\/wp-json\/wp\/v2\/comments?post=583"}],"version-history":[{"count":34,"href":"https:\/\/demo.we-com.info\/avis\/wp-json\/wp\/v2\/pages\/583\/revisions"}],"predecessor-version":[{"id":5195,"href":"https:\/\/demo.we-com.info\/avis\/wp-json\/wp\/v2\/pages\/583\/revisions\/5195"}],"wp:attachment":[{"href":"https:\/\/demo.we-com.info\/avis\/wp-json\/wp\/v2\/media?parent=583"}],"curies":[{"name":"wp","href":"https:\/\/api.w.org\/{rel}","templated":true}]}}