
{"id":3884,"date":"2026-01-28T11:59:46","date_gmt":"2026-01-28T10:59:46","guid":{"rendered":"https:\/\/demo.we-com.info\/avis\/?page_id=3884"},"modified":"2026-02-04T09:56:16","modified_gmt":"2026-02-04T08:56:16","slug":"donazione-di-sangue","status":"publish","type":"page","link":"https:\/\/demo.we-com.info\/avis\/donazione-di-sangue\/","title":{"rendered":"Donazione di sangue"},"content":{"rendered":"\n<div class=\"wp-block-cover has-parallax\" style=\"min-height:695px;aspect-ratio:unset;\"><div class=\"wp-block-cover__image-background wp-image-392 size-large has-parallax\" style=\"background-position:50% 50%;background-image:url(https:\/\/demo.we-com.info\/avis\/wp-content\/uploads\/2025\/10\/cover-donatori-particelle-1024x768.jpg)\"><\/div><span aria-hidden=\"true\" class=\"wp-block-cover__background has-background-dim-40 has-background-dim\" style=\"background-color:#212121\"><\/span><div class=\"wp-block-cover__inner-container is-layout-constrained wp-block-cover-is-layout-constrained\">\n<p class=\"has-text-align-center has-x-large-font-size\" data-aos=\"fade-up\"><strong>DONAZIONE DI SANGUE<\/strong><\/p>\n<\/div><\/div>\n\n\n\n<div class=\"gb-element-830d3e2d\">\n<div class=\"gb-element-df46c210\">\n<div class=\"gb-element-69616758\"><\/div>\n\n\n\n<div class=\"gb-element-903a8e9c\" data-aos=\"slide-left\">\n<p class=\"has-text-align-left has-large-font-size\"><strong>COS\u2019\u00c8 LA DONAZIONE DI SANGUE<\/strong><\/p>\n\n\n\n<div style=\"height:20px\" aria-hidden=\"true\" class=\"wp-block-spacer\"><\/div>\n\n\n\n<p>Con la donazione di <strong>sangue intero<\/strong> si preleva una quantit\u00e0 controllata di sangue che verr\u00e0 poi separato nei suoi componenti principali:<\/p>\n\n\n\n<ul class=\"wp-block-list\">\n<li><strong>globuli rossi<\/strong><\/li>\n\n\n\n<li><strong>plasma<\/strong><\/li>\n\n\n\n<li><strong>piastrine<\/strong><\/li>\n<\/ul>\n\n\n\n<p>\ud83d\udc49 Da <strong>una sola donazione<\/strong> si possono aiutare <strong>pi\u00f9 pazienti<\/strong>.<\/p>\n<\/div>\n<\/div>\n<\/div>\n\n\n\n<div class=\"gb-element-37b7f8fa\"><div style=\"--animation-direction: reverse; --animation-speed: 10s; --content-gap: 0px; --overlay-color: transparent; --white-space: nowrap; --animation-name: storepress-marquee-animation-x; --animation-play-state: paused;\" class=\"orientation-x wp-block-storepress-marquee\">\n\t<div class=\"wp-block-storepress-marquee__item\">\n\n<p class=\"has-text-align-center has-base-3-color has-text-color has-link-color has-x-large-font-size wp-elements-d7f3f4576ae4a20fd4aabd8e0607b2f9\"><strong><a href=\"https:\/\/webapp.prenotami.cloud\/\" target=\"_blank\" rel=\"noreferrer noopener\">PRENOTA LA DONAZIONE<\/a><\/strong><\/p>\n\n<\/div>\n\t<!-- Mirrors the content -->\n\t<div class=\"wp-block-storepress-marquee__item mirror\" aria-hidden=\"true\">\n\n<p class=\"has-text-align-center has-base-3-color has-text-color has-link-color has-x-large-font-size wp-elements-d7f3f4576ae4a20fd4aabd8e0607b2f9\"><strong><a href=\"https:\/\/webapp.prenotami.cloud\/\" target=\"_blank\" rel=\"noreferrer noopener\">PRENOTA LA DONAZIONE<\/a><\/strong><\/p>\n\n<\/div>\n<\/div>\n<\/div>\n\n\n\n<div class=\"gb-element-eb62a655\">\n<div class=\"gb-element-f9e602a6\">\n<div class=\"gb-element-e86dc9b5\" data-aos=\"slide-right\">\n<p class=\"has-large-font-size\"><strong>A COSA SERVE IL SANGUE<\/strong> <strong>DONATO<\/strong><\/p>\n\n\n\n<p class=\"has-large-font-size\">Il sangue \u00e8 indispensabile per:<\/p>\n\n\n\n<ul class=\"wp-block-list\">\n<li>interventi chirurgici e trapianti<\/li>\n\n\n\n<li>emergenze e traumi<\/li>\n\n\n\n<li>terapie oncologiche<\/li>\n\n\n\n<li>malattie del sangue (anemie, talassemie)<\/li>\n\n\n\n<li>parti complicati<\/li>\n<\/ul>\n\n\n\n<p>Non esiste un sostituto artificiale del sangue.<\/p>\n<\/div>\n\n\n\n<div class=\"gb-element-3fee040a\"><\/div>\n<\/div>\n<\/div>\n\n\n\n<div class=\"gb-element-a971bd07\">\n<p class=\"has-text-align-center has-large-font-size\"><strong>COME AVVIENE LA DONAZIONE<\/strong><\/p>\n<\/div>\n\n\n\n<div class=\"gb-element-f48cf3bd\">\n<div class=\"gb-element-c0afbc15\">\n<p class=\"has-contrast-color has-text-color has-link-color has-large-font-size wp-elements-19f92e764efca16253739e30963ede7d\"><strong><strong>1<\/strong><\/strong><br>Contatta la <strong>sede AVIS<\/strong> pi\u00f9 vicina a te e concorda un appuntamento<\/p>\n<\/div>\n\n\n\n<div class=\"gb-element-64dec4af\">\n<p class=\"has-large-font-size\"><strong>2<\/strong><\/p>\n\n\n\n<p class=\"has-large-font-size\">Presentati all\u2019appuntamento durante il quale\u2026<\/p>\n\n\n\n<p><br>Compilerai un <strong>questionario<\/strong> e incontrerai un medico per un <strong>colloquio<\/strong>: servono a verificare in modo dettagliato il tuo stile di vita e il tuo stato di salute attuale e passato;<\/p>\n\n\n\n<p>verrai sottoposto a una <strong>visita approfondita<\/strong> durante la quale, tra le altre cose, ti verr\u00e0 misurata, oltre all\u2019emoglobina, anche la pressione arteriosa del sangue.<\/p>\n\n\n\n<p>verrai sottoposto agli <strong>esami del sangue<\/strong> previsti dalla normativa per valutare la tua idoneit\u00e0 alla donazione;<\/p>\n<\/div>\n\n\n\n<div class=\"gb-element-d0fc9246\">\n<p class=\"has-contrast-color has-text-color has-link-color has-large-font-size wp-elements-5c973e735c810647d6992c0e825be52b\"><strong>3<\/strong><\/p>\n\n\n\n<div style=\"height:20px\" aria-hidden=\"true\" class=\"wp-block-spacer\"><\/div>\n\n\n\n<p>Attendi l\u2019esito della visita e il <strong>responso medico<\/strong>. Se risulti idoneo, sei pronto per la tua prima donazione!<\/p>\n\n\n\n<p class=\"has-contrast-color has-text-color has-link-color has-large-font-size wp-elements-561cb5276f0c6bb18055919f4f0f8612\"><strong>8\/15 min.<\/strong><\/p>\n\n\n\n<p class=\"has-contrast-color has-text-color has-link-color wp-elements-b09d2c254330fca95d2af0080454ae74\">Quantit\u00e0 donata<\/p>\n\n\n\n<p class=\"has-contrast-color has-text-color has-link-color has-large-font-size wp-elements-a2a6642b7102b39e7023c0205472658b\"><strong>circa 450 ml<\/strong><\/p>\n\n\n\n<p class=\"has-large-font-size\"><br>Dopo la donazione \u00e8 previsto un ristoro<\/p>\n<\/div>\n<\/div>\n\n\n\n<div class=\"gb-element-2421c11d\">\n<div class=\"gb-element-544b4fc0\">\n<div>\n<p class=\"has-large-font-size\" data-aos=\"flip-up\"><strong>CARTA D\u2019IDENTITA\u2019 DEL DONATORE<\/strong><\/p>\n\n\n\n<p data-aos=\"flip-up\">Per donare sangue bisogna avere almeno 18 anni, pesare pi\u00f9 di 50 Kg. ed essere in buone condizioni di salute.<\/p>\n\n\n\n<p>Nessun comportamento a rischio che possa compromettere la nostra salute e\/o quella di chi riceve il nostro plasma<\/p>\n\n\n\n<p>Esami del sangue nella norma<\/p>\n\n\n\n<p data-aos=\"flip-up\">Prima di ogni donazione c\u2019\u00e8 sempre una <strong>valutazione medica<\/strong>.<\/p>\n<\/div>\n\n\n\n<div class=\"gb-element-99e9ad80\">\n<div class=\"gb-element-f79f2788\">\n<p class=\"has-large-font-size\" style=\"text-decoration:underline\"><strong>18-65<\/strong><\/p>\n\n\n\n<p class=\"has-small-font-size\">Et\u00e0 compresa tra 18 e 60 anni<\/p>\n<\/div>\n\n\n\n<div class=\"gb-element-7d4ae7fd\">\n<p class=\"has-large-font-size\" style=\"text-decoration:underline\"><strong>+50Kg<\/strong><\/p>\n\n\n\n<p class=\"has-small-font-size\">Peso corporeo superiore ai 50Kg<\/p>\n<\/div>\n\n\n\n<div class=\"gb-element-53c6298a\">\n<p class=\"gb-text-23b549f3\"><span class=\"gb-shape\"><svg fill=\"#000000\" version=\"1.1\" id=\"Capa_1\" xmlns=\"http:\/\/www.w3.org\/2000\/svg\" xmlns:xlink=\"http:\/\/www.w3.org\/1999\/xlink\" viewBox=\"0 0 176.483 176.483\" xml:space=\"preserve\"><g id=\"SVGRepo_bgCarrier\" stroke-width=\"0\"><\/g><g id=\"SVGRepo_tracerCarrier\" stroke-linecap=\"round\" stroke-linejoin=\"round\"><\/g><g id=\"SVGRepo_iconCarrier\"> <g> <g> <path d=\"M51.131,18.285C49.987,5.526,34.285,9.28,31.761,16.55c-2.518-7.27-18.217-11.024-19.36,1.735 c-1.472,16.423,19.36,26.046,19.36,26.046S52.594,34.708,51.131,18.285z\"><\/path> <path d=\"M164.062,10.811c-1.472-16.42-21.681-11.597-24.926-2.24c-3.245-9.356-23.448-14.18-24.92,2.24 c-1.892,21.137,24.92,33.521,24.92,33.521S165.948,31.948,164.062,10.811z\"><\/path> <path d=\"M85.449,74.405c-17.933,0-53.682-25.667-53.682-25.667c-0.319,20.123,37.897,56.291,37.897,56.291 s-23.049,42.321-22.736,71.455c0,0,27.16-48.396,38.521-48.717c11.36-0.318,38.521,48.717,38.521,48.717 c0.313-29.287-22.732-71.455-22.732-71.455s38.526-38.831,37.888-56.291C139.125,48.737,103.382,74.405,85.449,74.405z\"><\/path> <circle cx=\"85.449\" cy=\"53.408\" r=\"14.684\"><\/circle> <\/g> <\/g> <\/g><\/svg><\/span><\/p>\n\n\n\n<p class=\"has-small-font-size\">Stile di vita sano ed equilibrato<\/p>\n<\/div>\n<\/div>\n<\/div>\n\n\n\n<div class=\"gb-element-d7791ed4\"><\/div>\n<\/div>\n\n\n\n<div class=\"gb-element-1b0e350f\">\n<h2 class=\"wp-block-heading has-text-align-center has-large-font-size\"><strong>COME SI DIVENTA DONATORI<\/strong><\/h2>\n\n\n\n<p class=\"has-text-align-center has-large-font-size\"><strong>La donazione<\/strong><br>Scopri quando puoi donare, perch\u00e9 \u00e8 sicuro e quanto \u00e8 importante il tuo aiuto.<\/p>\n<\/div>\n\n\n\n<div class=\"gb-element-86e6d787\">\n<div class=\"gb-element-be3175f8\">\n<h2 class=\"wp-block-heading has-text-align-left has-contrast-color has-text-color has-link-color has-x-large-font-size wp-elements-bf0e651e860c90388bd1189ed5d9f9b7\" data-aos=\"flip-up\">Ogni quanto si pu\u00f2 donare<\/h2>\n\n\n\n<p><strong>Uomini<\/strong>: ogni <strong>90 giorni<\/strong> (max 4 volte l\u2019anno)<\/p>\n\n\n\n<p><strong>Donne in et\u00e0 fertile<\/strong>: ogni <strong>180 giorni<\/strong> (max 2 volte l\u2019anno)<\/p>\n\n\n\n<p><strong>Donne in menopausa<\/strong>: come gli uomini<\/p>\n\n\n\n<p>Questo per garantire il completo recupero dell\u2019organismo.<\/p>\n<\/div>\n\n\n\n<div class=\"gb-element-c506a97e\">\n<h2 class=\"wp-block-heading has-text-align-left has-contrast-color has-text-color has-link-color has-x-large-font-size wp-elements-838a8d522d28a8e3e9ea91fc7fd8c9af\" data-aos=\"flip-up\">\u00c8 sicura?<\/h2>\n\n\n\n<p>S\u00ec, assolutamente:<\/p>\n\n\n\n<ul class=\"wp-block-list\">\n<li>materiale sterile e monouso<\/li>\n\n\n\n<li>personale sanitario qualificato<\/li>\n\n\n\n<li>controlli costanti<\/li>\n<\/ul>\n\n\n\n<p>Gli effetti collaterali sono rari e lievi (capogiri, stanchezza temporanea).<\/p>\n<\/div>\n\n\n\n<div class=\"gb-element-51dbaf59\">\n<h2 class=\"wp-block-heading has-text-align-left has-contrast-color has-text-color has-link-color has-x-large-font-size wp-elements-b9440f525283ee9f696ff06ac85f100c\" data-aos=\"flip-up\">Perch\u00e8 \u00e8 importante<\/h2>\n\n\n\n<ul class=\"wp-block-list\">\n<li>Il sangue <strong>non si produce in laboratorio<\/strong><\/li>\n\n\n\n<li>Serve ogni giorno, non solo nelle emergenze<\/li>\n\n\n\n<li>Garantisce l\u2019autosufficienza sanitaria del Paese<\/li>\n<\/ul>\n\n\n\n<p>\u2764\ufe0f Donare sangue \u00e8 un atto semplice che ha un enorme valore umano.<\/p>\n<\/div>\n<\/div>\n","protected":false},"excerpt":{"rendered":"<p>COS\u2019\u00c8 LA DONAZIONE DI SANGUE Con la donazione di sangue intero si preleva una quantit\u00e0 controllata di sangue che verr\u00e0 poi separato nei suoi componenti principali: \ud83d\udc49 Da una sola &#8230; <a title=\"Donazione di sangue\" class=\"read-more\" href=\"https:\/\/demo.we-com.info\/avis\/donazione-di-sangue\/\" aria-label=\"Per saperne di pi\u00f9 su Donazione di sangue\">Leggi tutto<\/a><\/p>\n","protected":false},"author":2,"featured_media":0,"parent":0,"menu_order":0,"comment_status":"closed","ping_status":"closed","template":"","meta":{"_acf_changed":false,"footnotes":""},"class_list":["post-3884","page","type-page","status-publish"],"acf":[],"_links":{"self":[{"href":"https:\/\/demo.we-com.info\/avis\/wp-json\/wp\/v2\/pages\/3884","targetHints":{"allow":["GET"]}}],"collection":[{"href":"https:\/\/demo.we-com.info\/avis\/wp-json\/wp\/v2\/pages"}],"about":[{"href":"https:\/\/demo.we-com.info\/avis\/wp-json\/wp\/v2\/types\/page"}],"author":[{"embeddable":true,"href":"https:\/\/demo.we-com.info\/avis\/wp-json\/wp\/v2\/users\/2"}],"replies":[{"embeddable":true,"href":"https:\/\/demo.we-com.info\/avis\/wp-json\/wp\/v2\/comments?post=3884"}],"version-history":[{"count":47,"href":"https:\/\/demo.we-com.info\/avis\/wp-json\/wp\/v2\/pages\/3884\/revisions"}],"predecessor-version":[{"id":4622,"href":"https:\/\/demo.we-com.info\/avis\/wp-json\/wp\/v2\/pages\/3884\/revisions\/4622"}],"wp:attachment":[{"href":"https:\/\/demo.we-com.info\/avis\/wp-json\/wp\/v2\/media?parent=3884"}],"curies":[{"name":"wp","href":"https:\/\/api.w.org\/{rel}","templated":true}]}}