
{"id":132,"date":"2025-10-14T17:05:10","date_gmt":"2025-10-14T15:05:10","guid":{"rendered":"https:\/\/demo.we-com.info\/avis\/?page_id=132"},"modified":"2026-02-09T15:08:11","modified_gmt":"2026-02-09T14:08:11","slug":"chi-siamo","status":"publish","type":"page","link":"https:\/\/demo.we-com.info\/avis\/chi-siamo\/","title":{"rendered":"Chi siamo"},"content":{"rendered":"\n<div class=\"wp-block-cover is-light has-parallax\" style=\"min-height:695px;aspect-ratio:unset;\"><div class=\"wp-block-cover__image-background wp-image-3517 size-large has-parallax\" style=\"background-position:50% 50%;background-image:url(https:\/\/demo.we-com.info\/avis\/wp-content\/uploads\/2026\/01\/mani-umane-collegate-con-filo-rosso-a-forma-di-cuore_23-2149894116-1024x684.jpg)\"><\/div><span aria-hidden=\"true\" class=\"wp-block-cover__background has-background-dim-40 has-background-dim\" style=\"background-color:#212121\"><\/span><div class=\"wp-block-cover__inner-container is-layout-constrained wp-block-cover-is-layout-constrained\">\n<p class=\"has-text-align-center has-base-3-color has-text-color has-link-color has-x-large-font-size wp-elements-bb4180c7367be6a66d9305320ead3feb\" data-aos=\"fade-up\"><strong>Chi Siamo<\/strong><\/p>\n<\/div><\/div>\n\n\n\n<div class=\"gb-element-0fda8809\">\n<div class=\"gb-element-fee5b63c\">\n<div>\n<a class=\"gb-element-cb762429\" href=\"https:\/\/demo.we-com.info\/avis\/sedi-avis-comunali\/\" target=\"_blank\" rel=\"noopener\" data-aos=\"fade\">\n<p class=\"has-text-align-left has-base-3-color has-text-color has-link-color has-medium-font-size wp-elements-4fe89b59ce8ae6e32373fa3a8f38d902\"><strong>Sedi Avis Comunali<\/strong><\/p>\n<\/a>\n<\/div>\n\n\n\n<div>\n<a class=\"gb-element-7f245e36\" href=\"https:\/\/demo.we-com.info\/avis\/wp-content\/uploads\/2025\/11\/Statuto-Avis-Prov.le-di-Viterbo.pdf\" target=\"_blank\" rel=\"noopener\" data-aos=\"fade\" data-aos-delay=\"450\">\n<p class=\"has-text-align-left has-base-3-color has-text-color has-link-color has-medium-font-size wp-elements-57ddc933d343809f53cec93e48d251d3\"><strong>Statuto<\/strong><\/p>\n<\/a>\n<\/div>\n\n\n\n<div>\n<a class=\"gb-element-0c51b91e\" href=\"https:\/\/demo.we-com.info\/avis\/wp-content\/uploads\/2025\/11\/Avis-Atto-costitutivo.pdf\" target=\"_blank\" rel=\"noopener\" data-aos=\"fade\" data-aos-delay=\"1000\">\n<p class=\"has-text-align-left has-base-3-color has-text-color has-link-color has-medium-font-size wp-elements-05eb7846d138f823bbf70d87d6d5f076\"><strong>Atto Costitutivo<\/strong><\/p>\n<\/a>\n<\/div>\n\n\n\n<div>\n<a class=\"gb-element-713a8f62\" href=\"https:\/\/demo.we-com.info\/avis\/consiglio-direttivo\/\" target=\"_blank\" rel=\"noopener\" data-aos=\"fade\" data-aos-delay=\"1500\" data-aos-duration=\"500\">\n<p class=\"has-text-align-left has-base-3-color has-text-color has-link-color has-medium-font-size wp-elements-9af40d7ed85889540fa13d234c6d72cd\"><strong>Consiglio Direttivo<\/strong><\/p>\n<\/a>\n<\/div>\n\n\n\n<div>\n<a class=\"gb-element-1cd0e8fe\" href=\"https:\/\/demo.we-com.info\/avis\/gruppo-giovani-avis-provinciale-di-viterbo\/\" target=\"_blank\" rel=\"noopener\" data-aos=\"fade\" data-aos-delay=\"1500\" data-aos-duration=\"500\">\n<p class=\"has-text-align-left has-base-3-color has-text-color has-link-color has-medium-font-size wp-elements-540174b7c399083473928286a5dad190\"><strong>Consulta giovani<\/strong><\/p>\n<\/a>\n<\/div>\n\n\n\n<div>\n<a class=\"gb-element-32a32e7c\" href=\"https:\/\/demo.we-com.info\/avis\/unita-organizzativa\/staff-di-segreteria\/\" target=\"_blank\" rel=\"noopener\" data-aos=\"fade\" data-aos-delay=\"1500\" data-aos-duration=\"500\">\n<p class=\"has-text-align-left has-base-3-color has-text-color has-link-color has-medium-font-size wp-elements-c887db669acb420cdce546113b8d4308\"><strong>Staff di segreteria<\/strong><\/p>\n<\/a>\n<\/div>\n<\/div>\n<\/div>\n\n\n\n<p class=\"has-base-3-color has-text-color has-background has-link-color has-medium-font-size wp-elements-35406a6a4818c6ee2b25716afba6a714\" style=\"background-color:#e20714\" data-aos=\"fade-up\"><strong>L\u2019AVIS<\/strong>&nbsp;\u00e8 una associazione di volontari a carattere nazionale, nasce a Milano nel 1927 da un idea del Dottor Vittorio Formentano. &nbsp;<em>L\u2019AVIS \u00e8 un\u2019associazione di volontari a carattere nazionale<\/em> costituita tra coloro che donano volontariamente, gratuitamente, periodicamente e anonimamente il proprio sangue.<br>Nel 1975 il &nbsp;23 ottobre &nbsp;\u2013 nasce l\u2019Avis Provinciale di Viterbo grazie alle 5 sezioni Comunali &nbsp;gi\u00e0 presenti nella Provincia e che rappresentano 576 soci .<br>E\u2019 un associazione apartitica, aconfessionale, senza discriminazione di razza, sesso, religione, lingua, nazionalit\u00e0, ideologia politica ed esclude &nbsp;qualsiasi &nbsp;&nbsp;fine di lucro e persegue finalit\u00e0 di solidariet\u00e0 umana.<br>Gli scopi dell\u2019associazione fissati dallo Statuto erano e sono: venire incontro alla crescente domanda di sangue, avere donatori pronti e controllati nella tipologia del sangue e nello stato di salute, lottare per eliminare la compravendita del sangue, &nbsp;&nbsp;donare gratuitamente sangue a tutti, senza alcuna discriminazione.<\/p>\n\n\n\n<div class=\"gb-element-94bf48fe\">\n<div class=\"gb-element-e674316b\">\n<h1 class=\"gb-text gb-text-1d00a88b\" data-aos=\"flip-up\"><strong>99.36%<\/strong><\/h1>\n<\/div>\n\n\n\n<div class=\"gb-element-4590e1b4\">\n<h1 class=\"gb-text gb-text-fadbf664\"><strong>Del sangue ceduto al SIMT AUSL\/VT \u00e8 di provenienza da donatori Avis<\/strong><\/h1>\n<\/div>\n<\/div>\n\n\n\n<div class=\"wp-block-cover\" style=\"min-height:483px;aspect-ratio:unset;\"><img loading=\"lazy\" decoding=\"async\" width=\"1024\" height=\"354\" class=\"wp-block-cover__image-background wp-image-1290 size-large\" alt=\"\" src=\"https:\/\/demo.we-com.info\/avis\/wp-content\/uploads\/2025\/11\/Vector-bk-1-1024x354.png\" data-object-fit=\"cover\" srcset=\"https:\/\/demo.we-com.info\/avis\/wp-content\/uploads\/2025\/11\/Vector-bk-1-1024x354.png 1024w, https:\/\/demo.we-com.info\/avis\/wp-content\/uploads\/2025\/11\/Vector-bk-1-300x104.png 300w, https:\/\/demo.we-com.info\/avis\/wp-content\/uploads\/2025\/11\/Vector-bk-1-768x266.png 768w, https:\/\/demo.we-com.info\/avis\/wp-content\/uploads\/2025\/11\/Vector-bk-1.png 1440w\" sizes=\"auto, (max-width: 1024px) 100vw, 1024px\" \/><span aria-hidden=\"true\" class=\"wp-block-cover__background has-background-dim-0 has-background-dim\"><\/span><div class=\"wp-block-cover__inner-container is-layout-constrained wp-block-cover-is-layout-constrained\">\n<div class=\"gb-element-117af0b7\">\n<div class=\"gb-element-7bbd7ab2\" data-aos=\"zoom-in\">\n<h2 class=\"wp-block-heading has-text-align-center has-contrast-color has-text-color has-link-color has-medium-font-size wp-elements-bb12049ebf5df5a730ad62c0aa8d70a1\"><strong>AVIS NAZIONALI<\/strong><\/h2>\n<\/div>\n\n\n\n<div class=\"gb-element-19369918\" data-aos=\"zoom-in\" data-aos-delay=\"500\">\n<h2 class=\"wp-block-heading has-text-align-center has-contrast-color has-text-color has-link-color has-medium-font-size wp-elements-5b4e8e6f7a4adf519cde1c9127cc64b3\"><strong><strong>AVIS REGIONALI<\/strong><\/strong><\/h2>\n<\/div>\n\n\n\n<div class=\"gb-element-62706c50\" data-aos=\"zoom-in\" data-aos-delay=\"1000\" data-aos-duration=\"550\">\n<h2 class=\"wp-block-heading has-text-align-center has-contrast-color has-text-color has-link-color has-medium-font-size wp-elements-ec6b24e94ec4d1a6b0595b32308dd5b2\"><strong><strong>AVIS PROVINCIALI<\/strong><\/strong><\/h2>\n<\/div>\n\n\n\n<div class=\"gb-element-1adf8369\" data-aos=\"zoom-in\" data-aos-delay=\"1500\">\n<h2 class=\"wp-block-heading has-text-align-center has-contrast-color has-text-color has-link-color has-medium-font-size wp-elements-2228af6b77f77dea43001dc354db0fe0\"><strong><strong>AVIS COMUNALI<\/strong><\/strong><\/h2>\n<\/div>\n\n\n\n<div class=\"gb-element-a735dc35\" data-aos=\"zoom-in\" data-aos-delay=\"2000\">\n<h2 class=\"wp-block-heading has-text-align-center has-contrast-color has-text-color has-link-color has-medium-font-size wp-elements-484c8fcffb87232f8f76625fd78037c9\"><strong>AVIS DI BASE<\/strong><\/h2>\n<\/div>\n<\/div>\n<\/div><\/div>\n\n\n\n<div>\n<p class=\"has-text-align-center has-base-3-color has-accent-background-color has-text-color has-background has-link-color has-medium-font-size wp-elements-cd4746b1480444f85ec39b71eb769d77\" data-aos=\"fade\"><br>AVIS Provinciale di Viterbo si compone di n\u00b0 63 sedi Avis (59 Comunali e 4 Equiparate Comunali con <strong>12.742 <\/strong>soci (al 31\/12\/2025), cos\u00ec suddivisi: <strong>12.308 <\/strong>donatori attivi e <strong>434<\/strong> soci collaboratori. I donatori AVIS di Viterbo e Provincia nel 2025 hanno donato\u00a0 <strong>13.399<\/strong> sacche di sangue, <strong>2.608<\/strong> di plasma, <strong>401<\/strong> di piastrinoaferesi, per un totale di <strong>16.408<\/strong> donazioni, con una percentuale in rapporto donazioni\/popolazione <strong>del\u00a0 5,11%.<\/strong><\/p>\n<\/div>\n\n\n\n<div style=\"height:50px\" aria-hidden=\"true\" class=\"wp-block-spacer\"><\/div>\n\n\n\n<div class=\"gb-element-a2724bd8\" data-aos=\"fade\">\n<style>\n  .table-custom td, \n  .table-custom th {\n    text-align: center !important;\n  }\n\n  \/* Colore riga 1 *\/\n  .table-custom tbody tr:nth-child(odd) {\n    background-color: #f2f6ff !important;\n  }\n\n  \/* Colore riga 2 *\/\n  .table-custom tbody tr:nth-child(even) {\n    background-color: #e6eeff !important;\n  }\n<\/style>\n\n<div class=\"table-responsive\">\n  <table class=\"table table-bordered table-hover table-custom\">\n    <thead class=\"table-dark\">\n      <tr>\n        <th>Voce<\/th>\n        <th>2021<\/th>\n        <th>2022<\/th>\n        <th>2023<\/th>\n        <th>2024<\/th>\n      <\/tr>\n    <\/thead>\n    <tbody>\n      <tr>\n        <td>TOTALI SANGUE<\/td>\n        <td>13.112<\/td>\n        <td>13.113<\/td>\n        <td>13.141<\/td>\n        <td>13.401<\/td>\n      <\/tr>\n      <tr>\n        <td>TOTALI PLASMA<\/td>\n        <td>1.126<\/td>\n        <td>1.501<\/td>\n        <td>2.304<\/td>\n        <td>2.675<\/td>\n      <\/tr>\n      <tr>\n        <td>TOTALE<\/td>\n        <td>14.238<\/td>\n        <td>14.614<\/td>\n        <td>15.445<\/td>\n        <td>16.076<\/td>\n      <\/tr>\n    <\/tbody>\n  <\/table>\n<\/div>\n\n\n\n<div style=\"height:20px\" aria-hidden=\"true\" class=\"wp-block-spacer\"><\/div>\n\n\n<div class=\"ninja-charts-customize_398734557_1\" >\n    <div id=\"ninja-charts-container\"\n         class=\"ninja-charts-chart-js-container\"\n         style='\n                height: 400px;\n                width: auto;\n                background-color: #ffffff;\n                border: 0px solid #000000 ;\n                border-radius: 0px;'\n         data-id=\"1\"\n         data-uniqid=\"_398734557_1\"\n             >\n    <canvas\n        id= \"ninja_charts_instance_398734557_1\"\n>\n    <\/canvas>\n    <\/div>\n<\/div>\n\n<\/div>\n","protected":false},"excerpt":{"rendered":"<p>Sedi Avis Comunali Statuto Atto Costitutivo Consiglio Direttivo Consulta giovani Staff di segreteria L\u2019AVIS&nbsp;\u00e8 una associazione di volontari a carattere nazionale, nasce a Milano nel 1927 da un idea del &#8230; <a title=\"Chi siamo\" class=\"read-more\" href=\"https:\/\/demo.we-com.info\/avis\/chi-siamo\/\" aria-label=\"Per saperne di pi\u00f9 su Chi siamo\">Leggi tutto<\/a><\/p>\n","protected":false},"author":2,"featured_media":0,"parent":0,"menu_order":0,"comment_status":"closed","ping_status":"closed","template":"","meta":{"_acf_changed":false,"footnotes":""},"class_list":["post-132","page","type-page","status-publish"],"acf":[],"_links":{"self":[{"href":"https:\/\/demo.we-com.info\/avis\/wp-json\/wp\/v2\/pages\/132","targetHints":{"allow":["GET"]}}],"collection":[{"href":"https:\/\/demo.we-com.info\/avis\/wp-json\/wp\/v2\/pages"}],"about":[{"href":"https:\/\/demo.we-com.info\/avis\/wp-json\/wp\/v2\/types\/page"}],"author":[{"embeddable":true,"href":"https:\/\/demo.we-com.info\/avis\/wp-json\/wp\/v2\/users\/2"}],"replies":[{"embeddable":true,"href":"https:\/\/demo.we-com.info\/avis\/wp-json\/wp\/v2\/comments?post=132"}],"version-history":[{"count":219,"href":"https:\/\/demo.we-com.info\/avis\/wp-json\/wp\/v2\/pages\/132\/revisions"}],"predecessor-version":[{"id":5197,"href":"https:\/\/demo.we-com.info\/avis\/wp-json\/wp\/v2\/pages\/132\/revisions\/5197"}],"wp:attachment":[{"href":"https:\/\/demo.we-com.info\/avis\/wp-json\/wp\/v2\/media?parent=132"}],"curies":[{"name":"wp","href":"https:\/\/api.w.org\/{rel}","templated":true}]}}