
{"id":1150,"date":"2025-11-07T10:22:45","date_gmt":"2025-11-07T09:22:45","guid":{"rendered":"https:\/\/demo.we-com.info\/avis\/?page_id=1150"},"modified":"2025-12-02T12:08:49","modified_gmt":"2025-12-02T11:08:49","slug":"riepilogo-per-i-donatori","status":"publish","type":"page","link":"https:\/\/demo.we-com.info\/avis\/riepilogo-per-i-donatori\/","title":{"rendered":"Riepilogo per i donatori"},"content":{"rendered":"\n<div class=\"wp-block-cover has-parallax\"><div role=\"img\" aria-label=\"cover-donatori-particelle\" class=\"wp-block-cover__image-background wp-image-392 size-large has-parallax\" style=\"background-position:50% 50%;background-image:url(https:\/\/demo.we-com.info\/avis\/wp-content\/uploads\/2025\/10\/cover-donatori-particelle-1024x768.jpg)\"><\/div><span aria-hidden=\"true\" class=\"wp-block-cover__background has-background-dim\" style=\"background-color:#212121\"><\/span><div class=\"wp-block-cover__inner-container is-layout-constrained wp-block-cover-is-layout-constrained\">\n<p class=\"has-text-align-center has-large-font-size\">Riepilogo per i donatori<\/p>\n<\/div><\/div>\n\n\n\n<div class=\"gb-element-0db466c4\">\n<p>Chi intende diventare donatore di sangue pu\u00f2&nbsp;<strong>recarsi presso una sede o un centro di raccolta Avis o un Servizio trasfusionale dell\u2019Ospedale della &nbsp;propria citt\u00e0.<\/strong><br>L\u2019U.O. SIMT &nbsp;della A.S.L. di Viterbo svolge la sua attivit\u00e0 nell\u2019arco delle 24 ore e&nbsp;<strong>la donazione &nbsp;pu\u00f2 essere effettuata tutti i giorni<\/strong>, compresi i festivi, dalle ore 8.00 alle ore 11,00. Le donazioni pi\u00f9 numerose vengono effettuate nei vari Centri di raccolta fissi o mobili dislocati nei paesi della provincia di Viterbo ed organizzati &nbsp;dalla efficientissima opera di sensibilizzazione delle locali sezioni Avis coordinate dall\u2019Avis Provinciale.<\/p>\n\n\n\n<p><strong>Il donatore deve essere persona sana<\/strong>, avere un\u2019et\u00e0 &nbsp;compresa tra i 18 &nbsp;ed i 60 anni, se nuovo donatore, fino ad un massimo di 65 anni, se donatore periodico, ed un peso non inferiore ai 50 Kg.<br>Nella fase di accettazione il donatore deve compilare &nbsp;e controfirmare il relativo Questionario e leggere e controfirmare il Consenso alla Donazione e al trattamento dei dati personali.<br>Il personale medico, vincolato dal segreto &nbsp;professionale, dar\u00e0 tutte le informazioni richieste garantendo la massima riservatezza sui dati personali e sanitari.<\/p>\n\n\n\n<p>Segue il colloquio con il medico che aiuter\u00e0 a stabilire l\u2019idoneit\u00e0 e ad individuare quale tipo di donazione \u00e8 pi\u00f9 indicata: sangue intero o aferesi. Effettuer\u00e0 una valutazione clinica del donatore \u00a0(battito cardiaco, pressione arteriosa, emoglobina), quindi l\u2019intervista per l\u2019accertamento di eventuali situazioni che rendano la donazione controindicata tanto per la sicurezza del donatore che per quella del ricevente (tra cui i comportamenti \u00a0a rischio intercorsi dall\u2019ultima donazione).<\/p>\n\n\n\n<div style=\"height:30px\" aria-hidden=\"true\" class=\"wp-block-spacer\"><\/div>\n\n\n\n<blockquote class=\"wp-block-quote is-layout-flow wp-block-quote-is-layout-flow\">\n<p><strong>Dopo la visita medica verr\u00e0 effettuato il prelievo del sangue necessario per eseguire gli esami di laboratorio &nbsp;prescritti per accertare l\u2019idoneit\u00e0 al dono.<\/strong><\/p>\n<\/blockquote>\n\n\n\n<h2 class=\"wp-block-heading has-medium-font-size\"><strong>Dopo la donazione e ad ogni donazione sui campioni di sangue vengono eseguiti i seguenti esami la maggior parte dei quali obbligatori per legge:<\/strong><\/h2>\n\n\n\n<ul class=\"wp-block-list\">\n<li>emocromo completo;<\/li>\n\n\n\n<li>ALT con metodo ottimizzato;<\/li>\n\n\n\n<li>sierodiagnosi per la Sifilide;<\/li>\n\n\n\n<li>HIV ab-ag ed eventuale test di conferma;<\/li>\n\n\n\n<li>HbsAg ed eventuale test di conferma;<\/li>\n\n\n\n<li>HCV ab-ag ed eventuale test di conferma;<\/li>\n\n\n\n<li>HIV-Rna, HBV- Dna, HCV-Rna.<\/li>\n<\/ul>\n\n\n\n<p>Vengono infine eseguiti i seguenti controlli immunoematologici:<\/p>\n\n\n\n<div style=\"height:20px\" aria-hidden=\"true\" class=\"wp-block-spacer\"><\/div>\n\n\n\n<ul class=\"wp-block-list\">\n<li>determinazione del gruppo sanguigno (AB0), dell\u2019Rh ed eventuale ricerca del sottotipo Du;<\/li>\n\n\n\n<li>determinazione del fenotipo Rh \u00a0e delle caratteristiche Kell;<\/li>\n\n\n\n<li>ricerca in fase solida di anticorpi \u00a0irregolari antieritrocitari;<\/li>\n<\/ul>\n\n\n\n<p>Il donatore periodico (che si presenta per la seconda volta e successive) viene sottoposto, alla seconda donazione e successivamente, ogni tre donazioni per gli uomini ed ogni due donazioni per le donne, ai seguenti esami: azotemia, glicemia, acido-urico, colesterolo, \u03b3gt, trigliceridi, transaminasi, fosfatasi alcalina, bilirubina totale e frazionata, sideremia, ferritinemia e, a giudizio del medico, PSA ed altri eventuali &nbsp;esami diagnostici e strumentali.<\/p>\n\n\n\n<p>Il prelievo di sangue intero \u00e8 assolutamente innocuo per il donatore e ha una durata di circa 5-8 minuti. Il volume massimo di sangue prelevato, stabilito per legge, \u00e8 uguale a 450 ml.<br>Il &nbsp;donatore di sesso maschile pu\u00f2 donare il sangue intero per quattro volte all\u2019anno &nbsp;( ogni 90 giorni ) mentre le donne in et\u00e0 fertile non piu\u2019 di due volte l\u2019anno e comunque a non meno di 90 giorni dalla donazione precedente.<\/p>\n\n\n\n<div style=\"height:20px\" aria-hidden=\"true\" class=\"wp-block-spacer\"><\/div>\n\n\n\n<h2 class=\"wp-block-heading has-medium-font-size\"><strong>Oltre alla donazione convenzionale di sangue intero si effettua anche la raccolta selettiva (aferesi) di emocomponenti (plasma e piastrine) mediante &nbsp;separatore cellulare.<\/strong><\/h2>\n\n\n\n<p>Per la donazione di solo plasma il candidato donatore deve avere gli stessi requisiti previsti per la donazione di sangue intero; Si effettua un prelievo minimo di 450 ml od uno massimo di 650 ml di &nbsp;plasma per ogni singola donazione.<br>Tra due donazioni di plasma e tra una donazione &nbsp;di plasma e una di sangue intero deve passare un periodo di almeno 14 giorni, tra una donazione di sangue intero e una di plasma il &nbsp;periodo deve essere almeno di un mese. Non si possono donare pi\u00f9 di 10 L. di plasma in un anno.<\/p>\n\n\n\n<p>Il donatore periodico non pu\u00f2 sottoporsi a pi\u00f9 di sei piastrinoaferesi all\u2019anno e gli intervalli di tempo con &nbsp;la donazione di sangue intero sono gli stessi previsti per il plasma. Per quanto riguarda la donazione di due emocompomponenti si pu\u00f2 effettuare una donazione di globuli rossi + plasma , una donazione di &nbsp;globuli rossi &nbsp;+ piastrine, una donazione di plasma + piastrine, e, per particolari esigenze, una donazione di piastrine in sacca doppia e una &nbsp;donazione di due unit\u00e0 di globuli rossi.<\/p>\n\n\n\n<p>In ogni caso il volume complessivo di queste donazioni non sar\u00e0 superiore a 650 ml.<\/p>\n\n\n\n<div style=\"height:20px\" aria-hidden=\"true\" class=\"wp-block-spacer\"><\/div>\n\n\n\n<h2 class=\"wp-block-heading has-medium-font-size\"><strong>L\u2019intervallo minimo di tempo fra due eritroplasmaferesi &nbsp;e tra due eritropiastrinoaferesi &nbsp;\u00e8 di 90 giorni e le donazioni non possono essere pi\u00f9 di quattro all\u2019anno per l\u2019uomo e pi\u00f9 di due per la donna in et\u00e0 fertile<\/strong><\/h2>\n\n\n\n<p>l\u2019intervallo minimo tra due plasmapiastrinoaferesi &nbsp;\u00e8 di 14 giorni e le donazioni non possono essere piu\u2019 di sei all\u2019anno; l\u2019intervallo tra una donazione di globuli rossi ed una plasmapiastrinoaferesi &nbsp;\u00e8 di 30 giorni e le donazioni &nbsp;non possono essere pi\u00f9 di tre all\u2019anno.;<\/p>\n\n\n\n<p>l\u2019intervallo minimo tra due doppie piastrinoaferesi \u00e8 di 30 giorni e tra due doppie eritroaferesi &nbsp;\u00e8 di 180 giorni mentre l&#8217;intervallo tra una doppia eritroaferesi &nbsp;e altra donazione che non determina sottrazione di eritrociti \u00e8 di 30 giorni.<\/p>\n\n\n\n<p>Dopo il prelievo viene offerto un ristoro per reintegrare i liquidi e migliorare il comfort post donazione.<br>Ai lavoratori dipendenti viene riconosciuta per legge una giornata di riposo retribuita.<\/p>\n<\/div>\n","protected":false},"excerpt":{"rendered":"<p>Chi intende diventare donatore di sangue pu\u00f2&nbsp;recarsi presso una sede o un centro di raccolta Avis o un Servizio trasfusionale dell\u2019Ospedale della &nbsp;propria citt\u00e0.L\u2019U.O. SIMT &nbsp;della A.S.L. di Viterbo svolge &#8230; <a title=\"Riepilogo per i donatori\" class=\"read-more\" href=\"https:\/\/demo.we-com.info\/avis\/riepilogo-per-i-donatori\/\" aria-label=\"Per saperne di pi\u00f9 su Riepilogo per i donatori\">Leggi tutto<\/a><\/p>\n","protected":false},"author":2,"featured_media":0,"parent":0,"menu_order":0,"comment_status":"closed","ping_status":"closed","template":"","meta":{"_acf_changed":false,"footnotes":""},"class_list":["post-1150","page","type-page","status-publish"],"acf":[],"_links":{"self":[{"href":"https:\/\/demo.we-com.info\/avis\/wp-json\/wp\/v2\/pages\/1150","targetHints":{"allow":["GET"]}}],"collection":[{"href":"https:\/\/demo.we-com.info\/avis\/wp-json\/wp\/v2\/pages"}],"about":[{"href":"https:\/\/demo.we-com.info\/avis\/wp-json\/wp\/v2\/types\/page"}],"author":[{"embeddable":true,"href":"https:\/\/demo.we-com.info\/avis\/wp-json\/wp\/v2\/users\/2"}],"replies":[{"embeddable":true,"href":"https:\/\/demo.we-com.info\/avis\/wp-json\/wp\/v2\/comments?post=1150"}],"version-history":[{"count":24,"href":"https:\/\/demo.we-com.info\/avis\/wp-json\/wp\/v2\/pages\/1150\/revisions"}],"predecessor-version":[{"id":2244,"href":"https:\/\/demo.we-com.info\/avis\/wp-json\/wp\/v2\/pages\/1150\/revisions\/2244"}],"wp:attachment":[{"href":"https:\/\/demo.we-com.info\/avis\/wp-json\/wp\/v2\/media?parent=1150"}],"curies":[{"name":"wp","href":"https:\/\/api.w.org\/{rel}","templated":true}]}}